{"id":1567,"date":"2014-09-17T10:46:50","date_gmt":"2014-09-17T10:46:50","guid":{"rendered":"http:\/\/www.www.mivar-viva.ee\/?post_type=product&#038;p=1567"},"modified":"2026-03-03T08:05:39","modified_gmt":"2026-03-03T06:05:39","slug":"soojendusvoo","status":"publish","type":"product","link":"https:\/\/www.mivar-viva.ee\/e-pood\/toode\/soojendusvoo\/","title":{"rendered":"Soojendusv\u00f6\u00f6d"},"content":{"rendered":"<p>Soojendusv\u00f6\u00f6 on valmistatud karvastatud lambavillakangast.<\/p>\n<p>Lambavill on k\u00f5rge isolatsiooniv\u00f5imega ja hoiab h\u00e4sti kehatemperatuuri.<\/p>\n<p>Kangas: 100% lambavill<\/p>\n<p>Hooldus: K\u00e4sipesu 30 kraadi juures v\u00f5i keemiline puhastus<\/p>\n<p>&nbsp;<\/p>\n","protected":false},"excerpt":{"rendered":"<p>Soojendusv\u00f6\u00f6 on valmistatud karvastatud lambavillakangast. Lambavill on k\u00f5rge isolatsiooniv\u00f5imega ja hoiab h\u00e4sti kehatemperatuuri. Kangas: 100% lambavill Hooldus: K\u00e4sipesu 30 kraadi juures v\u00f5i keemiline puhastus &nbsp;<\/p>\n","protected":false},"featured_media":26057,"comment_status":"closed","ping_status":"closed","template":"","meta":[],"product_brand":[],"product_cat":[93],"product_tag":[],"class_list":{"0":"post-1567","1":"product","2":"type-product","3":"status-publish","4":"has-post-thumbnail","6":"product_cat-soojendusvood","8":"first","9":"instock","10":"sale","11":"featured","12":"taxable","13":"shipping-taxable","14":"purchasable","15":"product-type-variable"},"aioseo_notices":[],"_links":{"self":[{"href":"https:\/\/www.mivar-viva.ee\/e-pood\/wp-json\/wp\/v2\/product\/1567","targetHints":{"allow":["GET"]}}],"collection":[{"href":"https:\/\/www.mivar-viva.ee\/e-pood\/wp-json\/wp\/v2\/product"}],"about":[{"href":"https:\/\/www.mivar-viva.ee\/e-pood\/wp-json\/wp\/v2\/types\/product"}],"replies":[{"embeddable":true,"href":"https:\/\/www.mivar-viva.ee\/e-pood\/wp-json\/wp\/v2\/comments?post=1567"}],"wp:featuredmedia":[{"embeddable":true,"href":"https:\/\/www.mivar-viva.ee\/e-pood\/wp-json\/wp\/v2\/media\/26057"}],"wp:attachment":[{"href":"https:\/\/www.mivar-viva.ee\/e-pood\/wp-json\/wp\/v2\/media?parent=1567"}],"wp:term":[{"taxonomy":"product_brand","embeddable":true,"href":"https:\/\/www.mivar-viva.ee\/e-pood\/wp-json\/wp\/v2\/product_brand?post=1567"},{"taxonomy":"product_cat","embeddable":true,"href":"https:\/\/www.mivar-viva.ee\/e-pood\/wp-json\/wp\/v2\/product_cat?post=1567"},{"taxonomy":"product_tag","embeddable":true,"href":"https:\/\/www.mivar-viva.ee\/e-pood\/wp-json\/wp\/v2\/product_tag?post=1567"}],"curies":[{"name":"wp","href":"https:\/\/api.w.org\/{rel}","templated":true}]}}