{"id":26908,"date":"2025-05-19T14:50:47","date_gmt":"2025-05-19T11:50:47","guid":{"rendered":"https:\/\/www.mivar-viva.ee\/e-pood\/?post_type=product&#038;p=26908"},"modified":"2026-04-09T01:33:24","modified_gmt":"2026-04-08T22:33:24","slug":"suvetekk","status":"publish","type":"product","link":"https:\/\/www.mivar-viva.ee\/e-pood\/toode\/suvetekk\/","title":{"rendered":"Suvetekk"},"content":{"rendered":"<p>NB! Teki v\u00e4rv on natuke erinev pildist.<\/p>\n<p>\u00d5hem tekk. Sobilik suveperioodiks.<\/p>\n<p>\u00d5rna roosaka alatooniga \u00fcmbriskangas. Puuvill 48%, pol\u00fcester 52%.<\/p>\n<p>Sisu: pol\u00fcesterkiud<\/p>\n<p>! SAADAVAL KAHES SUURUSES !<\/p>\n","protected":false},"excerpt":{"rendered":"<p>NB! Teki v\u00e4rv on natuke erinev pildist. \u00d5hem tekk. Sobilik suveperioodiks. \u00d5rna roosaka alatooniga \u00fcmbriskangas. Puuvill 48%, pol\u00fcester 52%. Sisu: pol\u00fcesterkiud ! SAADAVAL KAHES SUURUSES !<\/p>\n","protected":false},"featured_media":28145,"comment_status":"open","ping_status":"closed","template":"","meta":[],"product_brand":[],"product_cat":[15],"product_tag":[],"class_list":{"0":"post-26908","1":"product","2":"type-product","3":"status-publish","4":"has-post-thumbnail","6":"product_cat-tekid","8":"first","9":"instock","10":"taxable","11":"shipping-taxable","12":"purchasable","13":"product-type-variable"},"aioseo_notices":[],"_links":{"self":[{"href":"https:\/\/www.mivar-viva.ee\/e-pood\/wp-json\/wp\/v2\/product\/26908","targetHints":{"allow":["GET"]}}],"collection":[{"href":"https:\/\/www.mivar-viva.ee\/e-pood\/wp-json\/wp\/v2\/product"}],"about":[{"href":"https:\/\/www.mivar-viva.ee\/e-pood\/wp-json\/wp\/v2\/types\/product"}],"replies":[{"embeddable":true,"href":"https:\/\/www.mivar-viva.ee\/e-pood\/wp-json\/wp\/v2\/comments?post=26908"}],"wp:featuredmedia":[{"embeddable":true,"href":"https:\/\/www.mivar-viva.ee\/e-pood\/wp-json\/wp\/v2\/media\/28145"}],"wp:attachment":[{"href":"https:\/\/www.mivar-viva.ee\/e-pood\/wp-json\/wp\/v2\/media?parent=26908"}],"wp:term":[{"taxonomy":"product_brand","embeddable":true,"href":"https:\/\/www.mivar-viva.ee\/e-pood\/wp-json\/wp\/v2\/product_brand?post=26908"},{"taxonomy":"product_cat","embeddable":true,"href":"https:\/\/www.mivar-viva.ee\/e-pood\/wp-json\/wp\/v2\/product_cat?post=26908"},{"taxonomy":"product_tag","embeddable":true,"href":"https:\/\/www.mivar-viva.ee\/e-pood\/wp-json\/wp\/v2\/product_tag?post=26908"}],"curies":[{"name":"wp","href":"https:\/\/api.w.org\/{rel}","templated":true}]}}