{"id":28228,"date":"2026-03-27T14:09:56","date_gmt":"2026-03-27T12:09:56","guid":{"rendered":"https:\/\/www.mivar-viva.ee\/e-pood\/?post_type=product&#038;p=28228"},"modified":"2026-03-27T14:09:56","modified_gmt":"2026-03-27T12:09:56","slug":"puuvillane-tekk-150x210","status":"publish","type":"product","link":"https:\/\/www.mivar-viva.ee\/e-pood\/toode\/puuvillane-tekk-150x210\/","title":{"rendered":"Puuvillane tekk 150&#215;210"},"content":{"rendered":"<p class=\"isSelectedEnd\"><strong>Kvaliteetne tekk 150&#215;210 cm \u2013 puuvillane kangas, pol\u00fcesterkiu t\u00e4idis<\/strong><\/p>\n<p class=\"isSelectedEnd\">Mugav ja praktiline tekk igap\u00e4evaseks kasutamiseks. Pealiskangas on valmistatud 100% puuvillast, mis on hingav ja pehme. T\u00e4idiseks on vastupidav ja kohev pol\u00fcesterkiud, mis hoiab h\u00e4sti soojust ning s\u00e4ilitab oma vormi ka pikaajalisel kasutamisel.<\/p>\n<p class=\"isSelectedEnd\">Valikus on kaks erineva soojusastmega tekki:<\/p>\n<ul data-spread=\"false\">\n<li><strong>650 g<\/strong>\u00a0\u2013 kergem variant, sobib h\u00e4sti kevadeks ja suveks<\/li>\n<li><strong>950 g<\/strong>\u00a0\u2013 paksem ja soojem tekk, ideaalne s\u00fcgiseks ja talveks<\/li>\n<\/ul>\n<p class=\"isSelectedEnd\"><strong>Toote omadused:<\/strong><\/p>\n<ul data-spread=\"false\">\n<li>M\u00f5\u00f5t: 150&#215;210 cm<\/li>\n<li>Pealiskangas: 100% puuvill<\/li>\n<li>T\u00e4idis: pol\u00fcesterkiud<\/li>\n<li>Teping: laine 9<\/li>\n<li>Saadaval grammkaalud: 650 g ja 950 g<\/li>\n<\/ul>\n<p>&nbsp;<\/p>\n","protected":false},"excerpt":{"rendered":"<p>Kvaliteetne tekk 150&#215;210 cm \u2013 puuvillane kangas, pol\u00fcesterkiu t\u00e4idis Mugav ja praktiline tekk igap\u00e4evaseks kasutamiseks. Pealiskangas on valmistatud 100% puuvillast, mis on hingav ja pehme. T\u00e4idiseks on vastupidav ja kohev pol\u00fcesterkiud, mis hoiab h\u00e4sti soojust ning s\u00e4ilitab oma vormi ka pikaajalisel kasutamisel. Valikus on kaks erineva soojusastmega tekki: 650 g\u00a0\u2013 kergem variant, sobib h\u00e4sti kevadeks [&hellip;]<\/p>\n","protected":false},"featured_media":28229,"comment_status":"closed","ping_status":"closed","template":"","meta":[],"product_brand":[],"product_cat":[15],"product_tag":[],"class_list":{"0":"post-28228","1":"product","2":"type-product","3":"status-publish","4":"has-post-thumbnail","6":"product_cat-tekid","8":"first","9":"instock","10":"taxable","11":"shipping-taxable","12":"purchasable","13":"product-type-variable"},"aioseo_notices":[],"_links":{"self":[{"href":"https:\/\/www.mivar-viva.ee\/e-pood\/wp-json\/wp\/v2\/product\/28228","targetHints":{"allow":["GET"]}}],"collection":[{"href":"https:\/\/www.mivar-viva.ee\/e-pood\/wp-json\/wp\/v2\/product"}],"about":[{"href":"https:\/\/www.mivar-viva.ee\/e-pood\/wp-json\/wp\/v2\/types\/product"}],"replies":[{"embeddable":true,"href":"https:\/\/www.mivar-viva.ee\/e-pood\/wp-json\/wp\/v2\/comments?post=28228"}],"wp:featuredmedia":[{"embeddable":true,"href":"https:\/\/www.mivar-viva.ee\/e-pood\/wp-json\/wp\/v2\/media\/28229"}],"wp:attachment":[{"href":"https:\/\/www.mivar-viva.ee\/e-pood\/wp-json\/wp\/v2\/media?parent=28228"}],"wp:term":[{"taxonomy":"product_brand","embeddable":true,"href":"https:\/\/www.mivar-viva.ee\/e-pood\/wp-json\/wp\/v2\/product_brand?post=28228"},{"taxonomy":"product_cat","embeddable":true,"href":"https:\/\/www.mivar-viva.ee\/e-pood\/wp-json\/wp\/v2\/product_cat?post=28228"},{"taxonomy":"product_tag","embeddable":true,"href":"https:\/\/www.mivar-viva.ee\/e-pood\/wp-json\/wp\/v2\/product_tag?post=28228"}],"curies":[{"name":"wp","href":"https:\/\/api.w.org\/{rel}","templated":true}]}}