{"id":842,"date":"2014-08-21T09:54:34","date_gmt":"2014-08-21T09:54:34","guid":{"rendered":"http:\/\/www.www.mivar-viva.ee\/?post_type=product&#038;p=842"},"modified":"2026-04-06T11:33:30","modified_gmt":"2026-04-06T08:33:30","slug":"kirju-tekk","status":"publish","type":"product","link":"https:\/\/www.mivar-viva.ee\/e-pood\/toode\/kirju-tekk\/","title":{"rendered":"Kirjud tekid"},"content":{"rendered":"<p>Teki pealisriie:\u00a0 puuvill\/pol\u00fcester<\/p>\n<p>T\u00e4idis:\u00a0pol\u00fcesterkiud<\/p>\n<p>Hooldus: Pesu 40 kraadi juures v\u00f5i keemiline puhastus<\/p>\n<p>Tekid on erinevate mustrite ja v\u00e4rvitoonidega ( saatmine juhuslikul valikul).<\/p>\n<p>&nbsp;<\/p>\n","protected":false},"excerpt":{"rendered":"<p>Teki pealisriie:\u00a0 puuvill\/pol\u00fcester T\u00e4idis:\u00a0pol\u00fcesterkiud Hooldus: Pesu 40 kraadi juures v\u00f5i keemiline puhastus Tekid on erinevate mustrite ja v\u00e4rvitoonidega ( saatmine juhuslikul valikul). &nbsp;<\/p>\n","protected":false},"featured_media":26096,"comment_status":"closed","ping_status":"closed","template":"","meta":[],"product_brand":[],"product_cat":[15],"product_tag":[],"class_list":{"0":"post-842","1":"product","2":"type-product","3":"status-publish","4":"has-post-thumbnail","6":"product_cat-tekid","8":"first","9":"instock","10":"taxable","11":"shipping-taxable","12":"purchasable","13":"product-type-variable"},"aioseo_notices":[],"_links":{"self":[{"href":"https:\/\/www.mivar-viva.ee\/e-pood\/wp-json\/wp\/v2\/product\/842","targetHints":{"allow":["GET"]}}],"collection":[{"href":"https:\/\/www.mivar-viva.ee\/e-pood\/wp-json\/wp\/v2\/product"}],"about":[{"href":"https:\/\/www.mivar-viva.ee\/e-pood\/wp-json\/wp\/v2\/types\/product"}],"replies":[{"embeddable":true,"href":"https:\/\/www.mivar-viva.ee\/e-pood\/wp-json\/wp\/v2\/comments?post=842"}],"wp:featuredmedia":[{"embeddable":true,"href":"https:\/\/www.mivar-viva.ee\/e-pood\/wp-json\/wp\/v2\/media\/26096"}],"wp:attachment":[{"href":"https:\/\/www.mivar-viva.ee\/e-pood\/wp-json\/wp\/v2\/media?parent=842"}],"wp:term":[{"taxonomy":"product_brand","embeddable":true,"href":"https:\/\/www.mivar-viva.ee\/e-pood\/wp-json\/wp\/v2\/product_brand?post=842"},{"taxonomy":"product_cat","embeddable":true,"href":"https:\/\/www.mivar-viva.ee\/e-pood\/wp-json\/wp\/v2\/product_cat?post=842"},{"taxonomy":"product_tag","embeddable":true,"href":"https:\/\/www.mivar-viva.ee\/e-pood\/wp-json\/wp\/v2\/product_tag?post=842"}],"curies":[{"name":"wp","href":"https:\/\/api.w.org\/{rel}","templated":true}]}}