{"id":848,"date":"2014-09-12T12:19:08","date_gmt":"2014-09-12T12:19:08","guid":{"rendered":"http:\/\/www.www.mivar-viva.ee\/?post_type=product&#038;p=848"},"modified":"2026-03-24T09:47:19","modified_gmt":"2026-03-24T07:47:19","slug":"kirju-lambavillatekk","status":"publish","type":"product","link":"https:\/\/www.mivar-viva.ee\/e-pood\/toode\/kirju-lambavillatekk\/","title":{"rendered":"Kirjud lambavillatekid"},"content":{"rendered":"<p>Lambavillatekid on m\u00f5nusalt pehmed, kerged ja soojad ning sobivad ideaalselt aastaringseks kasutuseks.<\/p>\n<p>Lambavill on k\u00f5rge isolatsiooniv\u00f5imega, ta hoiab h\u00e4sti kehatemperatuuri ja on seega magamise ja puhkamise jaoks ideaalne.<\/p>\n<p>Teki pealisriie: puuvill\/pol\u00fcester<\/p>\n<p>T\u00e4idis: 100% lambavilla<\/p>\n<p>Hooldus: Keemiline puhastus<\/p>\n<p>Tekkide muster ja v\u00e4rvitoon v\u00f5ivad erineda pildil olevatest<\/p>\n","protected":false},"excerpt":{"rendered":"<p>Lambavillatekid on m\u00f5nusalt pehmed, kerged ja soojad ning sobivad ideaalselt aastaringseks kasutuseks. Lambavill on k\u00f5rge isolatsiooniv\u00f5imega, ta hoiab h\u00e4sti kehatemperatuuri ja on seega magamise ja puhkamise jaoks ideaalne. Teki pealisriie: puuvill\/pol\u00fcester T\u00e4idis: 100% lambavilla Hooldus: Keemiline puhastus Tekkide muster ja v\u00e4rvitoon v\u00f5ivad erineda pildil olevatest<\/p>\n","protected":false},"featured_media":25046,"comment_status":"closed","ping_status":"closed","template":"","meta":[],"product_brand":[],"product_cat":[15],"product_tag":[],"class_list":{"0":"post-848","1":"product","2":"type-product","3":"status-publish","4":"has-post-thumbnail","6":"product_cat-tekid","8":"first","9":"instock","10":"taxable","11":"shipping-taxable","12":"purchasable","13":"product-type-variable"},"aioseo_notices":[],"_links":{"self":[{"href":"https:\/\/www.mivar-viva.ee\/e-pood\/wp-json\/wp\/v2\/product\/848","targetHints":{"allow":["GET"]}}],"collection":[{"href":"https:\/\/www.mivar-viva.ee\/e-pood\/wp-json\/wp\/v2\/product"}],"about":[{"href":"https:\/\/www.mivar-viva.ee\/e-pood\/wp-json\/wp\/v2\/types\/product"}],"replies":[{"embeddable":true,"href":"https:\/\/www.mivar-viva.ee\/e-pood\/wp-json\/wp\/v2\/comments?post=848"}],"wp:featuredmedia":[{"embeddable":true,"href":"https:\/\/www.mivar-viva.ee\/e-pood\/wp-json\/wp\/v2\/media\/25046"}],"wp:attachment":[{"href":"https:\/\/www.mivar-viva.ee\/e-pood\/wp-json\/wp\/v2\/media?parent=848"}],"wp:term":[{"taxonomy":"product_brand","embeddable":true,"href":"https:\/\/www.mivar-viva.ee\/e-pood\/wp-json\/wp\/v2\/product_brand?post=848"},{"taxonomy":"product_cat","embeddable":true,"href":"https:\/\/www.mivar-viva.ee\/e-pood\/wp-json\/wp\/v2\/product_cat?post=848"},{"taxonomy":"product_tag","embeddable":true,"href":"https:\/\/www.mivar-viva.ee\/e-pood\/wp-json\/wp\/v2\/product_tag?post=848"}],"curies":[{"name":"wp","href":"https:\/\/api.w.org\/{rel}","templated":true}]}}