{"id":868,"date":"2014-09-12T12:19:08","date_gmt":"2014-09-12T12:19:08","guid":{"rendered":"http:\/\/www.www.mivar-viva.ee\/?post_type=product&#038;p=868"},"modified":"2026-04-06T11:33:30","modified_gmt":"2026-04-06T08:33:30","slug":"laste-kirju-tekk","status":"publish","type":"product","link":"https:\/\/www.mivar-viva.ee\/e-pood\/toode\/laste-kirju-tekk\/","title":{"rendered":"Laste kirjud tekid"},"content":{"rendered":"<p>Teki pealisriie on 100% puuvilla<\/p>\n<p>T\u00e4idis: 100% pol\u00fcesterkiudu<\/p>\n<p>Hooldus: Pesu 40 kraadi juures v\u00f5i keemiline puhastus<\/p>\n<p><strong>Teki pealisriie v\u00f5ib erineda mustri ja v\u00e4rvi poolest pildil olevast<\/strong><\/p>\n","protected":false},"excerpt":{"rendered":"<p>Teki pealisriie on 100% puuvilla T\u00e4idis: 100% pol\u00fcesterkiudu Hooldus: Pesu 40 kraadi juures v\u00f5i keemiline puhastus Teki pealisriie v\u00f5ib erineda mustri ja v\u00e4rvi poolest pildil olevast<\/p>\n","protected":false},"featured_media":28172,"comment_status":"closed","ping_status":"closed","template":"","meta":[],"product_brand":[],"product_cat":[15,20],"product_tag":[],"class_list":{"0":"post-868","1":"product","2":"type-product","3":"status-publish","4":"has-post-thumbnail","6":"product_cat-tekid","7":"product_cat-tooted-lastele","9":"first","10":"instock","11":"taxable","12":"shipping-taxable","13":"purchasable","14":"product-type-variable"},"aioseo_notices":[],"_links":{"self":[{"href":"https:\/\/www.mivar-viva.ee\/e-pood\/wp-json\/wp\/v2\/product\/868","targetHints":{"allow":["GET"]}}],"collection":[{"href":"https:\/\/www.mivar-viva.ee\/e-pood\/wp-json\/wp\/v2\/product"}],"about":[{"href":"https:\/\/www.mivar-viva.ee\/e-pood\/wp-json\/wp\/v2\/types\/product"}],"replies":[{"embeddable":true,"href":"https:\/\/www.mivar-viva.ee\/e-pood\/wp-json\/wp\/v2\/comments?post=868"}],"wp:featuredmedia":[{"embeddable":true,"href":"https:\/\/www.mivar-viva.ee\/e-pood\/wp-json\/wp\/v2\/media\/28172"}],"wp:attachment":[{"href":"https:\/\/www.mivar-viva.ee\/e-pood\/wp-json\/wp\/v2\/media?parent=868"}],"wp:term":[{"taxonomy":"product_brand","embeddable":true,"href":"https:\/\/www.mivar-viva.ee\/e-pood\/wp-json\/wp\/v2\/product_brand?post=868"},{"taxonomy":"product_cat","embeddable":true,"href":"https:\/\/www.mivar-viva.ee\/e-pood\/wp-json\/wp\/v2\/product_cat?post=868"},{"taxonomy":"product_tag","embeddable":true,"href":"https:\/\/www.mivar-viva.ee\/e-pood\/wp-json\/wp\/v2\/product_tag?post=868"}],"curies":[{"name":"wp","href":"https:\/\/api.w.org\/{rel}","templated":true}]}}